{"id":1541,"date":"2022-10-19T10:51:11","date_gmt":"2022-10-19T07:51:11","guid":{"rendered":"https:\/\/10.0.0.157\/?page_id=1541"},"modified":"2022-10-19T10:57:23","modified_gmt":"2022-10-19T07:57:23","slug":"kusadasi-atik-su-aritma-tesisi","status":"publish","type":"page","link":"https:\/\/www.aydinaski.gov.tr\/index.php\/kusadasi-atik-su-aritma-tesisi\/","title":{"rendered":"Ku\u015fadas\u0131 At\u0131k Su Ar\u0131tma Tesisi"},"content":{"rendered":"\n<p><strong>ASK\u0130 Ku\u015fadas\u0131 Merkez \u0130leri Biyolojik At\u0131k Su Ar\u0131tma Tesisi\u2019nde; 2021 y\u0131l\u0131nda ortalama 30 milyon m<sup>3<\/sup>&nbsp; at\u0131ksu, Kentsel At\u0131ksu Ar\u0131t\u0131m\u0131 Y\u00f6netmeli\u011fi(KAAY Tablo 1-2) standartlar\u0131na g\u00f6re ar\u0131t\u0131lm\u0131\u015ft\u0131r. Tesisten \u00e7\u0131kan g\u00fcnl\u00fck 20 ton biyokat\u0131 bertaraf edilmi\u015ftir.<\/strong><\/p>\n\n\n\n<figure class=\"wp-block-table\"><table><tbody><tr><td>Tasar\u0131m N\u00fcfusu<\/td><td>333.800 ki\u015fi<\/td><\/tr><tr><td>Proje Debisi<\/td><td>164.376 m<sup>3<\/sup>\/g\u00fcn<\/td><\/tr><tr><td>Mevcut Ortalama Debi<\/td><td>27.000 m<sup>3<\/sup>\/g\u00fcn<\/td><\/tr><tr><td>Devreye Alma Tarihi<\/td><td>2020 y\u0131l\u0131<\/td><\/tr><tr><td>Proses Tipi<\/td><td>\u0130leri Biyolojik Ar\u0131tma<\/td><\/tr><tr><td>\u00c7amur Miktar\u0131<\/td><td>20 m<sup>3<\/sup>\/g\u00fcn<\/td><\/tr><\/tbody><\/table><\/figure>\n\n\n\n<p>Tesisimize ait foto\u011fraf galerine a\u015fa\u011f\u0131dan ula\u015fabilirsiniz.<\/p>\n\n\n\nngg_shortcode_0_placeholder\n","protected":false},"excerpt":{"rendered":"<p>ASK\u0130 Ku\u015fadas\u0131 Merkez \u0130leri Biyolojik At\u0131k Su Ar\u0131tma Tesisi\u2019nde; 2021 y\u0131l\u0131nda ortalama 30 milyon m3&nbsp; at\u0131ksu, Kentsel At\u0131ksu Ar\u0131t\u0131m\u0131 Y\u00f6netmeli\u011fi(KAAY Tablo 1-2) standartlar\u0131na g\u00f6re ar\u0131t\u0131lm\u0131\u015ft\u0131r. Tesisten \u00e7\u0131kan g\u00fcnl\u00fck 20 ton biyokat\u0131 bertaraf edilmi\u015ftir. Tasar\u0131m N\u00fcfusu 333.800 ki\u015fi Proje Debisi 164.376 m3\/g\u00fcn Mevcut Ortalama Debi 27.000 m3\/g\u00fcn Devreye Alma Tarihi 2020 y\u0131l\u0131 Proses Tipi \u0130leri Biyolojik [&hellip;]<\/p>\n","protected":false},"author":1,"featured_media":0,"parent":0,"menu_order":0,"comment_status":"closed","ping_status":"closed","template":"","meta":{"ngg_post_thumbnail":0,"footnotes":""},"class_list":["post-1541","page","type-page","status-publish","hentry"],"_links":{"self":[{"href":"https:\/\/www.aydinaski.gov.tr\/index.php\/wp-json\/wp\/v2\/pages\/1541","targetHints":{"allow":["GET"]}}],"collection":[{"href":"https:\/\/www.aydinaski.gov.tr\/index.php\/wp-json\/wp\/v2\/pages"}],"about":[{"href":"https:\/\/www.aydinaski.gov.tr\/index.php\/wp-json\/wp\/v2\/types\/page"}],"author":[{"embeddable":true,"href":"https:\/\/www.aydinaski.gov.tr\/index.php\/wp-json\/wp\/v2\/users\/1"}],"replies":[{"embeddable":true,"href":"https:\/\/www.aydinaski.gov.tr\/index.php\/wp-json\/wp\/v2\/comments?post=1541"}],"version-history":[{"count":3,"href":"https:\/\/www.aydinaski.gov.tr\/index.php\/wp-json\/wp\/v2\/pages\/1541\/revisions"}],"predecessor-version":[{"id":1552,"href":"https:\/\/www.aydinaski.gov.tr\/index.php\/wp-json\/wp\/v2\/pages\/1541\/revisions\/1552"}],"wp:attachment":[{"href":"https:\/\/www.aydinaski.gov.tr\/index.php\/wp-json\/wp\/v2\/media?parent=1541"}],"curies":[{"name":"wp","href":"https:\/\/api.w.org\/{rel}","templated":true}]}}