{"id":139,"date":"2022-09-12T15:45:00","date_gmt":"2022-09-12T12:45:00","guid":{"rendered":"http:\/\/localhost:8080\/aydinaski\/?page_id=139"},"modified":"2024-10-25T11:17:17","modified_gmt":"2024-10-25T08:17:17","slug":"iletisim-bilgileri","status":"publish","type":"page","link":"https:\/\/www.aydinaski.gov.tr\/index.php\/iletisim-bilgileri\/","title":{"rendered":"\u0130leti\u015fim Bilgileri"},"content":{"rendered":"\n<p class=\"has-text-align-center\"><strong>T.C. Ayd\u0131n B\u00fcy\u00fck\u015fehir Belediyesi Ayd\u0131n Su ve Kanalizasyon \u0130daresi<\/strong><\/p>\n\n\n\n<div style=\"height:27px\" aria-hidden=\"true\" class=\"wp-block-spacer\"><\/div>\n\n\n\n<p class=\"has-text-align-left\"><strong>Adres    :<\/strong> G\u00fczelhisar Mah. \u0130stiklal Cad. No:4 AYDIN<\/p>\n\n\n\n<p class=\"has-text-align-left\"><strong>Telefon :<\/strong>&nbsp;444 70 09<\/p>\n\n\n\n<p><strong>KEP (Kay\u0131tl\u0131 Elektronik Posta) Adresi<\/strong><strong> :<\/strong> aydinsuvekanalizasyon@hs01.kep.tr<\/p>\n\n\n\n<div style=\"height:21px\" aria-hidden=\"true\" class=\"wp-block-spacer\"><\/div>\n\n\n\n<iframe src=\"https:\/\/www.google.com\/maps\/embed?pb=!1m16!1m12!1m3!1d3150.5716578348824!2d27.845265925686615!3d37.84691252872774!2m3!1f0!2f0!3f0!3m2!1i1024!2i768!4f13.1!2m1!1zYXlkxLFuIGLDvHnDvGvFn2VoaXIgYmVsZWRpeWVzaQ!5e0!3m2!1str!2str!4v1687155462507!5m2!1str!2str\" width=\"600\" height=\"450\" style=\"border:0;\" allowfullscreen=\"\" loading=\"lazy\" referrerpolicy=\"no-referrer-when-downgrade\"><\/iframe>\n\n\n\n<p class=\"has-text-align-left\"><a href=\"https:\/\/www.aydinaski.gov.tr\/index.php\/vezne-irtibat-adresleri-2\/\" data-type=\"URL\" data-id=\"https:\/\/www.aydinaski.gov.tr\/index.php\/vezne-irtibat-adresleri-2\/\">T\u00fcm vezne irtibat adreslerini g\u00f6r\u00fcnt\u00fcleyin.<\/a><\/p>\n","protected":false},"excerpt":{"rendered":"<p>T.C. Ayd\u0131n B\u00fcy\u00fck\u015fehir Belediyesi Ayd\u0131n Su ve Kanalizasyon \u0130daresi Adres : G\u00fczelhisar Mah. \u0130stiklal Cad. No:4 AYDIN Telefon :&nbsp;444 70 09 KEP (Kay\u0131tl\u0131 Elektronik Posta) Adresi : aydinsuvekanalizasyon@hs01.kep.tr T\u00fcm vezne irtibat adreslerini g\u00f6r\u00fcnt\u00fcleyin.<\/p>\n","protected":false},"author":1,"featured_media":0,"parent":0,"menu_order":0,"comment_status":"closed","ping_status":"closed","template":"","meta":{"ngg_post_thumbnail":0,"footnotes":""},"class_list":["post-139","page","type-page","status-publish","hentry"],"_links":{"self":[{"href":"https:\/\/www.aydinaski.gov.tr\/index.php\/wp-json\/wp\/v2\/pages\/139","targetHints":{"allow":["GET"]}}],"collection":[{"href":"https:\/\/www.aydinaski.gov.tr\/index.php\/wp-json\/wp\/v2\/pages"}],"about":[{"href":"https:\/\/www.aydinaski.gov.tr\/index.php\/wp-json\/wp\/v2\/types\/page"}],"author":[{"embeddable":true,"href":"https:\/\/www.aydinaski.gov.tr\/index.php\/wp-json\/wp\/v2\/users\/1"}],"replies":[{"embeddable":true,"href":"https:\/\/www.aydinaski.gov.tr\/index.php\/wp-json\/wp\/v2\/comments?post=139"}],"version-history":[{"count":25,"href":"https:\/\/www.aydinaski.gov.tr\/index.php\/wp-json\/wp\/v2\/pages\/139\/revisions"}],"predecessor-version":[{"id":8889,"href":"https:\/\/www.aydinaski.gov.tr\/index.php\/wp-json\/wp\/v2\/pages\/139\/revisions\/8889"}],"wp:attachment":[{"href":"https:\/\/www.aydinaski.gov.tr\/index.php\/wp-json\/wp\/v2\/media?parent=139"}],"curies":[{"name":"wp","href":"https:\/\/api.w.org\/{rel}","templated":true}]}}