{"id":104,"date":"2022-09-12T15:30:35","date_gmt":"2022-09-12T12:30:35","guid":{"rendered":"http:\/\/localhost:8080\/aydinaski\/?page_id=104"},"modified":"2025-04-07T10:27:00","modified_gmt":"2025-04-07T07:27:00","slug":"baraj-doluluk-oranlari","status":"publish","type":"page","link":"https:\/\/www.aydinaski.gov.tr\/index.php\/baraj-doluluk-oranlari\/","title":{"rendered":"Baraj Doluluk Oranlar\u0131"},"content":{"rendered":"\n<p>Barajlar\u0131m\u0131z\u0131n doluluk oranlar\u0131 periyodik olarak g\u00fcncellenmektedir.<\/p>\n\n\n\n<div style=\"height:100px\" aria-hidden=\"true\" class=\"wp-block-spacer\"><\/div>\n\n\n\n<div class=\"wp-block-columns is-layout-flex wp-container-core-columns-is-layout-9d6595d7 wp-block-columns-is-layout-flex\">\n<div class=\"wp-block-column is-layout-flow wp-block-column-is-layout-flow\">\n<h2 class=\"wp-block-heading has-text-align-center\">\u0130kizdere Baraj\u0131<\/h2>\n\n\n\r\n            <div id=\"cont-baraj1\" data-pct=\"43\">\r\n                <svg id=\"svg-baraj1\" width=\"200\" height=\"200\" viewPort=\"0 0 100 100\" version=\"1.1\" xmlns=\"http:\/\/www.w3.org\/2000\/svg\">\r\n                    <circle r=\"90\" cx=\"100\" cy=\"100\" fill=\"transparent\" stroke-dasharray=\"565.48\" stroke-dashoffset=\"0\"><\/circle>\r\n                    <circle id=\"bar-baraj1\" r=\"90\" cx=\"100\" cy=\"100\" fill=\"transparent\" stroke-dasharray=\"565.48\" stroke-dashoffset=\"0\"><\/circle>\r\n                <\/svg>\r\n            <\/div>\r\n           \r\n    \n<\/div>\n\n\n\n<div class=\"wp-block-column is-layout-flow wp-block-column-is-layout-flow\">\n<h2 class=\"wp-block-heading has-text-align-center\">Karacasu Baraj\u0131<\/h2>\n\n\n\r\n            <div id=\"cont-baraj2\" data-pct=\"100\">\r\n                <svg id=\"svg-baraj2\" width=\"200\" height=\"200\" viewPort=\"0 0 100 100\" version=\"1.1\" xmlns=\"http:\/\/www.w3.org\/2000\/svg\">\r\n                    <circle r=\"90\" cx=\"100\" cy=\"100\" fill=\"transparent\" stroke-dasharray=\"565.48\" stroke-dashoffset=\"0\"><\/circle>\r\n                    <circle id=\"bar-baraj2\" r=\"90\" cx=\"100\" cy=\"100\" fill=\"transparent\" stroke-dasharray=\"565.48\" stroke-dashoffset=\"0\"><\/circle>\r\n                <\/svg>\r\n            <\/div>\r\n    \n<\/div>\n<\/div>\n\n\n\n<p><\/p>\n","protected":false},"excerpt":{"rendered":"<p>Barajlar\u0131m\u0131z\u0131n doluluk oranlar\u0131 periyodik olarak g\u00fcncellenmektedir. \u0130kizdere Baraj\u0131 Karacasu Baraj\u0131<\/p>\n","protected":false},"author":1,"featured_media":0,"parent":0,"menu_order":0,"comment_status":"closed","ping_status":"closed","template":"","meta":{"ngg_post_thumbnail":0,"footnotes":""},"class_list":["post-104","page","type-page","status-publish","hentry"],"_links":{"self":[{"href":"https:\/\/www.aydinaski.gov.tr\/index.php\/wp-json\/wp\/v2\/pages\/104","targetHints":{"allow":["GET"]}}],"collection":[{"href":"https:\/\/www.aydinaski.gov.tr\/index.php\/wp-json\/wp\/v2\/pages"}],"about":[{"href":"https:\/\/www.aydinaski.gov.tr\/index.php\/wp-json\/wp\/v2\/types\/page"}],"author":[{"embeddable":true,"href":"https:\/\/www.aydinaski.gov.tr\/index.php\/wp-json\/wp\/v2\/users\/1"}],"replies":[{"embeddable":true,"href":"https:\/\/www.aydinaski.gov.tr\/index.php\/wp-json\/wp\/v2\/comments?post=104"}],"version-history":[{"count":4,"href":"https:\/\/www.aydinaski.gov.tr\/index.php\/wp-json\/wp\/v2\/pages\/104\/revisions"}],"predecessor-version":[{"id":8969,"href":"https:\/\/www.aydinaski.gov.tr\/index.php\/wp-json\/wp\/v2\/pages\/104\/revisions\/8969"}],"wp:attachment":[{"href":"https:\/\/www.aydinaski.gov.tr\/index.php\/wp-json\/wp\/v2\/media?parent=104"}],"curies":[{"name":"wp","href":"https:\/\/api.w.org\/{rel}","templated":true}]}}